{"id":25,"date":"2025-09-28T19:44:47","date_gmt":"2025-09-28T17:44:47","guid":{"rendered":"http:\/\/code-rivers.com\/coderivers\/?page_id=25"},"modified":"2025-09-28T21:31:17","modified_gmt":"2025-09-28T19:31:17","slug":"o-nas","status":"publish","type":"page","link":"https:\/\/code-rivers.com\/coderivers\/index.php\/o-nas\/","title":{"rendered":"O nas"},"content":{"rendered":"\n<p>Pracujemy dla naszych klient\u00f3w od wrze\u015bnia 2020 roku. <br>Nasz zakres dzia\u0142ania obejmuje:<br>1) produkcj\u0119 oprogramowania zar\u00f3wno oprogramowanie typu desktop jak i us\u0142ug internetowych<br>2) integracj\u0119 oprogramowania<br>3) konfiguracj\u0119 i wymian\u0119 urz\u0105dze\u0144 sieciowych<br>4) wsparcie IT przy instalacji i konfiguracji oprogramowania<br><\/p>\n","protected":false},"excerpt":{"rendered":"<p>Pracujemy dla naszych klient\u00f3w od wrze\u015bnia 2020 roku. Nasz zakres dzia\u0142ania obejmuje:1) produkcj\u0119 oprogramowania zar\u00f3wno oprogramowanie typu desktop jak i us\u0142ug internetowych2) integracj\u0119 oprogramowania3) konfiguracj\u0119 i wymian\u0119 urz\u0105dze\u0144 sieciowych4) wsparcie IT przy instalacji i konfiguracji oprogramowania<\/p>\n","protected":false},"author":1,"featured_media":0,"parent":0,"menu_order":1000,"comment_status":"closed","ping_status":"closed","template":"","meta":{"footnotes":""},"class_list":["post-25","page","type-page","status-publish","hentry"],"_links":{"self":[{"href":"https:\/\/code-rivers.com\/coderivers\/index.php\/wp-json\/wp\/v2\/pages\/25","targetHints":{"allow":["GET"]}}],"collection":[{"href":"https:\/\/code-rivers.com\/coderivers\/index.php\/wp-json\/wp\/v2\/pages"}],"about":[{"href":"https:\/\/code-rivers.com\/coderivers\/index.php\/wp-json\/wp\/v2\/types\/page"}],"author":[{"embeddable":true,"href":"https:\/\/code-rivers.com\/coderivers\/index.php\/wp-json\/wp\/v2\/users\/1"}],"replies":[{"embeddable":true,"href":"https:\/\/code-rivers.com\/coderivers\/index.php\/wp-json\/wp\/v2\/comments?post=25"}],"version-history":[{"count":3,"href":"https:\/\/code-rivers.com\/coderivers\/index.php\/wp-json\/wp\/v2\/pages\/25\/revisions"}],"predecessor-version":[{"id":33,"href":"https:\/\/code-rivers.com\/coderivers\/index.php\/wp-json\/wp\/v2\/pages\/25\/revisions\/33"}],"wp:attachment":[{"href":"https:\/\/code-rivers.com\/coderivers\/index.php\/wp-json\/wp\/v2\/media?parent=25"}],"curies":[{"name":"wp","href":"https:\/\/api.w.org\/{rel}","templated":true}]}}